ded by 55?
54
What is the remainder when 526 is divided by 11?
9
Calculate the remainder when 157 is divided by 14.
3
Calculate the remainder when 75 is divided by 19.
18
Calculate the remainder when 270 is divided by 25.
20
What is the remainder when 151 is divided by 39?
34
Calculate the remainder when 189 is divided by 85.
19
Calculate the remainder when 249 is divided by 7.
4
What is the remainder when 6789 is divided by 7?
6
What is the remainder when 1237 is divided by 5?
2
What is the remainder when 381 is divided by 4?
1
Calculate the remainder when 244 is divided by 64.
52
Calculate the remainder when 566 is divided by 71.
69
Calculate the remainder when 23 is divided by 13.
10
Calculate the remainder when 823 is divided by 15.
13
What is the remainder when 1270 is divided by 180?
10
Calculate the remainder when 744 is divided by 274.
196
Calculate the remainder when 121 is divided by 17.
2
Calculate the remainder when 1404 is divided by 94.
88
What is the remainder when 337 is divided by 93?
58
Calculate the remainder when 5436 is divided by 7.
4
Calculate the remainder when 326 is divided by 68.
54
Calculate the remainder when 185 is divided by 65.
55
What is the remainder when 866 is divided by 38?
30
Calculate the remainder when 150 is divided by 75.
0
What is the remainder when 12030 is divided by 16?
14
What is the remainder when 174 is divided by 16?
14
What is the remainder when 478 is divided by 102?
70
Calculate the remainder when 92 is divided by 26.
14
Calculate the remainder when 4662 is divided by 15.
12
Calculate the remainder when 1145 is divided by 309.
218
What is the remainder when 375 is divided by 127?
121
Calculate the remainder when 1135 is divided by 44.
35
Calculate the remainder when 160 is divided by 27.
25
Calculate the remainder when 2185 is divided by 27.
25
Calculate the remainder when 569 is divided by 115.
109
Calculate the remainder when 1071 is divided by 7.
0
What is the remainder when 49 is divided by 26?
23
Calculate the remainder when 17 is divided by 10.
7
Calculate the remainder when 472 is divided by 24.
16
What is the remainder when 407 is divided by 82?
79
Calculate the remainder when 783 is divided by 133.
118
Calculate the remainder when 2572 is divided by 26.
24
Calculate the remainder when 2571 is divided by 371.
345
What is the remainder when 3124 is divided by 8?
4
What is the remainder when 8905 is divided by 131?
128
What is the remainder when 297 is divided by 124?
49
Calculate the remainder when 114 is divided by 20.
14
What is the remainder when 3634 is divided by 140?
134
What is the remainder when 161 is divided by 33?
29
Calculate the remainder when 165 is divided by 17.
12
What is the remainder when 2572 is divided by 25?
22
What is the remainder when 132 is divided by 39?
15
What is the remainder when 298 is divided by 38?
32
Calculate the remainder when 191 is divided by 46.
7
Calculate the remainder when 177 is divided by 49.
30
What is the remainder when 36 is divided by 16?
4
Calculate the remainder when 140 is divided by 74.
66
What is the remainder when 116 is divided by 40?
36
What is the remainder when 30 is divided by 15?
0
Calculate the remainder when 21144 is divided by 53.
50
Calculate the remainder when 1649 is divided by 105.
74
Calculate the remainder when 217 is divided by 217.
0
What is the remainder when 253 is divided by 85?
83
What is the remainder when 416 is divided by 103?
4
Calculate the remainder when 1145 is divided by 41.
38
Calculate the remainder when 117 is divided by 8.
5
What is the remainder when 555 is divided by 62?
59
What is the remainder when 571 is divided by 115?
111
Calculate the remainder when 456 is divided by 215.
26
What is the remainder when 328 is divided by 73?
36
Calculate the remainder when 699 is divided by 50.
49
What is the remainder when 173 is divided by 58?
57
Calculate the remainder when 492 is divided by 38.
36
Calculate the remainder when 227 is divided by 215.
12
What is the remainder when 1470 is divided by 53?
39
Calculate the remainder when 198 is divided by 20.
18
Calculate the remainder when 2477 is divided by 42.
41
Calculate the remainder when 208 is divided by 27.
19
Calculate the remainder when 9672 is divided by 75.
72
What is the remainder when 279 is divided by 56?
55
What is the remainder when 2175 is divided by 34?
33
Calculate the remainder when 1149 is divided by 35.
29
What is the remainder when 1065 is divided by 241?
101
Calculate the remainder when 2197 is divided by 24.
13
Calculate the remainder when 102 is divided by 57.
45
Calculate the remainder when 710 is divided by 173.
18
Calculate the remainder when 507 is divided by 93.
42
Calculate the remainder when 150 is divided by 23.
12
What is the remainder when 768 is divided by 31?
24
Calculate the remainder when 766 is divided by 250.
16
Calculate the remainder when 1416 is divided by 67.
9
What is the remainder when 463 is divided by 92?
3
What is the remainder when 6522 is divided by 225?
222
What is the remainder when 2093 is divided by 6?
5
What is the remainder when 17 is divided by 5?
2
What is the remainder when 668 is divided by 61?
58
Calculate the remainder when 2631 is divided by 68.
47
Calculate the remainder when 182 is divided by 47.
41
Calculate the remainder when 517 is divided by 46.
11
What is the remainder when 543 is divided by 76?
11
What is the remainder when 162 is divided by 31?
7
Calculate the remainder when 61 is divided by 41.
20
Calculate the remainder when 153 is divided by 13.
10
What is the remainder when 5933 is divided by 8?
5
What is the remainder when 274 is divided by 29?
13
What is the remainder when 68 is divided by 45?
23
What is the remainder when 649 is divided by 93?
91
What is the remainder when 393 is divided by 129?
6
What is the remainder when 117 is divided by 17?
15
What is the remainder when 59 is divided by 22?
15
Calculate the remainder when 303 is divided by 8.
7
What is the remainder when 126 is divided by 34?
24
Calculate the remainder when 416 is divided by 4.
0
What is the remainder when 553 is divided by 112?
105
Calculate the remainder when 50 is divided by 8.
2
What is the remainder when 373 is divided by 123?
4
Calculate the remainder when 66 is divided by 25.
16
What is the remainder when 933 is divided by 24?
21
What is the remainder when 321 is divided by 65?
61
What is the remainder when 185 is divided by 21?
17
Calculate the remainder when 16425 is divided by 106.
101
Calculate the remainder when 51 is divided by 35.
16
What is the remainder when 599 is divided by 123?
107
Calculate the remainder when 631 is divided by 43.
29
Calculate the remainder when 94 is divided by 27.
13
Calculate the remainder when 130 is divided by 17.
11
What is the remainder when 17 is divided by 9?
8
What is the remainder when 36 is divided by 10?
6
Calculate the remainder when 1240 is divided by 82.
10
Calculate the remainder when 724 is divided by 92.
80
What is the remainder when 84 is divided by 34?
16
Calculate the remainder when 539 is divided by 193.
153
Calculate the remainder when 1452 is divided by 86.
76
Calculate the remainder when 681 is divided by 67.
11
Calculate the remainder when 253 is divided by 133.
120
Calculate the remainder when 56 is divided by 31.
25
What is the remainder when 274 is divided by 41?
28
What is the remainder when 45 is divided by 33?
12
Calculate the remainder when 1221 is divided by 134.
15
Calculate the remainder when 523 is divided by 19.
10
Calculate the remainder when 47 is divided by 5.
2
What is the remainder when 567 is divided by 180?
27
What is the remainder when 1167 is divided by 18?
15
Calculate the remainder when 1997 is divided by 23.
19
Calculate the remainder when 142 is divided by 41.
19
Calculate the remainder when 126 is divided by 68.
58
What is the remainder when 538 is divided by 144?
106
Calculate the remainder when 262 is divided by 31.
14
Calculate the remainder when 15387 is divided by 6.
3
Calculate the remainder when 536 is divided by 76.
4
What is the remainder when 31 is divided by 8?
7
What is the remainder when 361 is divided by 93?
82
What is the remainder when 373 is divided by 24?
13
Calculate the remainder when 1037 is d